d a.
10
Suppose 5*a + 1628 = -4*g + 6*g, -5*g + 4*a = -4087. Suppose 34*o + g = 37*o. What is the highest common divisor of 26 and o?
13
Let h(r) = -244*r - 3571. Let o be h(-32). What is the greatest common factor of o and 19?
19
Let n be (5/(-75)*6)/(2/(-30)). Suppose -15*s = -n*s - 540. Calculate the highest common divisor of 135 and s.
15
Suppose 4*x + 6*s = 5*s + 1296, -955 = -3*x - 5*s. What is the highest common divisor of 35 and x?
5
Let u(g) = -48*g + 244. Let d be u(5). Suppose i - 1033 - 33 = 3*z, -d*i + 2*z + 4264 = 0. What is the highest common factor of 26 and i?
26
Suppose -2*l + 158 = 2*y, -669*l - 3*y = -664*l - 391. What is the highest common factor of l and 3366?
11
Suppose 3*t = 4*b + 25, 0 = 5*t - b - 18 - 18. Suppose 4*p - 4*x - 60 = 0, -t*x + 5 = 2*p - 4*x. Let j = 9 - 5. What is the greatest common factor of j and p?
2
Let k(o) = 141*o - 2612. Let f be k(20). Calculate the greatest common divisor of f and 608.
16
Suppose -158 = -4*g + 38. Suppose -3*u + 113 = -4*s, -u - 3*u = s + 33. Let w = 20 - s. Calculate the highest common divisor of g and w.
49
Let y(o) = o**3 - 10*o**2 + 2*o - 10. Let h be y(10). Let p = 7 - h. Let q be (-45 - -4)*-1 + (p - 0). Calculate the highest common divisor of q and 95.
19
Let i be (-4)/(-6) - 102/(-9). Let g = 100882 - 100873. What is the highest common factor of i and g?
3
Suppose 2*w + 5*i = 4089, 22*w = 20*w - 2*i + 4098. What is the highest common factor of 18 and w?
18
Let u be 10*((-8)/(56/(-15)) - -7*48/392). Let k(s) = 4*s - 8. Let h be k(6). What is the highest common factor of h and u?
2
Let m be (-3)/(-2) - (-3)/(-4)*-2. Suppose 7 = 2*u + m. Suppose u*o - 27 = -9. What is the greatest common divisor of 18 and o?
9
Suppose 4*p - 322 = 3*p - 2*t, -5*p + 5*t + 1685 = 0. What is the greatest common divisor of 8798 and p?
166
Suppose -13*x + 43 - 30 = 0. Let a(r) = 100*r**3 + 1 + 0*r**2 - 3*r - 2*r**2 + r**2 + 2*r. Let m be a(x). Calculate the highest common divisor of m and 9.
9
Suppose -254*q = 40*q - 25872. Calculate the highest common divisor of q and 737.
11
Let g = -2587 - -2667. Let i = 46 + 54. What is the highest common factor of g and i?
20
Suppose 3*p - 444 = -0*i - 5*i, -4*i = 5*p - 350. Suppose -5*t - 12 = -2. Let w = 12 + t. Calculate the greatest common factor of w and i.
10
Let p(g) = g**3 + 8*g - 2 + 7*g**2 - 8*g - g. Let i be p(-7). What is the greatest common divisor of 85 and i?
5
Let h = 621 + -336. Suppose -6*t + h = 81. What is the greatest common divisor of t and 85?
17
Suppose 3*n = d - 295, 2*n - n = -2*d + 569. Let t be d/12 + 30/(-36). Calculate the highest common factor of t and 46.
23
Suppose -697 = 3*b + 2*x, -2*b = -19*x + 17*x + 458. Let t = 431 + b. What is the highest common divisor of t and 160?
40
Let c be ((-42)/(-8))/((-31)/(-124)). Suppose -c - 515 = -8*s. Calculate the highest common factor of 536 and s.
67
Suppose -16*y + 430080 = 89*y. What is the highest common factor of y and 16?
16
Let u(r) = 4*r**2 + 4*r - 4. Let x be u(2). Suppose 0 = 6*y + 118 - 10. Let b be (-6 - 0)/(y/12). What is the highest common factor of x and b?
4
Let r = 140 + -253. Let n = r + 123. Calculate the highest common factor of 30 and n.
10
Suppose -36*p - 18137 + 144329 = -39660. Calculate the greatest common divisor of p and 85.
17
Let s be ((-13544)/(-3))/((-1)/(-7) - 66/(-126)). What is the greatest common divisor of 4 and s?
4
Let r = 104 + -52. Let c be 5*-3*((-78)/(-8))/(504/(-672)). What is the highest common factor of c and r?
13
Suppose -48*s - 1620 = -102*s. Calculate the greatest common divisor of 2350 and s.
10
Let z be (9/6)/((-15)/100). Let p be (-6)/9*1425/z. Suppose -12*h - 131 = -587. Calculate the highest common factor of p and h.
19
Let x = -671 - -671. Suppose x = -10*d + 40 + 280. What is the highest common factor of d and 56?
8
Let t be (203 - 26)*4/(-6). Let f = 172 + t. What is the greatest common divisor of f and 18?
18
Suppose -3793*d + 3730*d = -19845. Calculate the greatest common factor of d and 168.
21
Let l = -1589 + 1634. Suppose 7*q - 2*q = 4*s - 90, 4*q - 83 = -3*s. Let h = s - -5. Calculate the highest common factor of h and l.
15
Suppose 2*s + 606 = 60. Let p = 778 + s. What is the greatest common divisor of 5 and p?
5
Let c = 2785 + -115. Calculate the greatest common divisor of 20 and c.
10
Let b(l) = l**2 - 5*l + 17. Let r be b(0). Suppose -2*i - 1530 = -r*i. Calculate the greatest common factor of i and 102.
102
Let v(n) = 4*n + 48. Let c be v(-6). Let o be (385 - 16) + c/3. Calculate the highest common divisor of o and 39.
13
Let i = 200 + -152. Suppose -117*u = -123*u + i. What is the highest common factor of 44 and u?
4
Let r = 31732 + -31716. Calculate the greatest common factor of 16184 and r.
8
Let p(w) = -7*w**2 - 72*w - 10. Let n be p(-10). Calculate the greatest common factor of n and 680.
10
Let p(q) = 225*q + 77. Let t be p(19). What is the greatest common divisor of 34 and t?
34
Suppose -5*u + 619 = -101. Suppose 8*s + 11*s + 8398 = 0. Let l = s - -458. Calculate the greatest common factor of u and l.
16
Let z = 3169 - 1895. What is the highest common factor of z and 42?
14
Let g be 3/4*(-45600)/(-2520) - 4/7. Let b be (0 + 2 + -1)/1. What is the greatest common divisor of g and b?
1
Suppose 3*l - 192 = 2*m, m - 3*l = -l - 98. Let k = m + 335. Calculate the greatest common divisor of 98 and k.
49
Let z(y) = 2*y**2 + 2*y + 2. Let f be z(-2). Let x be (2 - 4)/(2/(-19)). Suppose -x*d = -14*d - 10. Calculate the greatest common divisor of d and f.
2
Let q(g) = 50*g**2 + 578*g + 2332. Let j be q(-4). Let s be (-41)/(-2 - -3 - 2). Calculate the highest common divisor of s and j.
41
Suppose 5*i - 312 = 222 + 6. What is the greatest common divisor of i and 6588?
108
Let f be ((-6)/(-8))/((-14)/(-56)). Suppose -a = -f*a + 10. Suppose 46 = 3*r - a*s, 4*s - 50 = -5*r - s. Calculate the greatest common factor of r and 18.
6
Let k be -21 - 12*(-582)/12. Calculate the highest common divisor of 88 and k.
11
Let y = -600 + 1255. Suppose 3*h = -x + 649, 3*h + 3*x = 5*x + y. What is the greatest common factor of h and 93?
31
Suppose -5*h + 76 = -44. Let r be (49 + 1)/2*(-31)/31. Let x be 2/5 + (-2390)/r. What is the highest common divisor of h and x?
24
Let f(j) = 10*j + 31. Let r be f(8). Suppose -34*b = -37*b + r. Let q = b + -13. Calculate the highest common factor of q and 12.
12
Let l be (1 - -9)/(2/14). Let z be -3 + (54 - ((1122/(-11))/6 + 8)). Calculate the highest common factor of l and z.
10
Suppose 0 = 23*s + 48*s - 34151. What is the greatest common divisor of 703 and s?
37
Let z = 13993 + -13941. Calculate the greatest common divisor of 10972 and z.
52
Let s(q) = -7*q**2 + 217*q - 1620. Let l be s(16). Let o(t) = -2*t**3 - 3*t + 5. Let d be o(-5). Calculate the highest common divisor of d and l.
30
Let a(j) = 6*j + 23. Let y be a(-6). Let w(s) = -2*s - 16. Let c be w(y). Suppose 1 + 19 = c*m. What is the highest common factor of m and 1?
1
Let m be 2*(-16)/(-4) + -3. Let a(o) = o**3 + 11*o**2 - 7*o + 5. Let y be a(-7). Suppose 14*b - 520 = y. Calculate the highest common factor of b and m.
5
Let l(h) = 14*h**3 - 147*h**2 + 761*h + 10. Let o be l(5). Calculate the greatest common divisor of 56 and o.
14
Let i(n) be the first derivative of -n**2 + 66*n + 67. Let t be i(32). Suppose -g + 3 = -2. Calculate the greatest common divisor of g and t.
1
Suppose -105186 = -981*a - 7*a - 131*a. Suppose l + 249 = 813. Calculate the greatest common divisor of a and l.
94
Let b(p) = 94*p + 3. Let z be b(-1). Let m = 99 + z. Suppose -3*l = -2*l - m. Calculate the greatest common factor of 104 and l.
8
Let s be -5*(64/12)/4*-3. Suppose 2*w = s - 4. Let q be w/8 - (-21 + 1). Calculate the highest common divisor of 147 and q.
21
Suppose -2*s + 251 = 5*h, 4*h = 20*s - 21*s + 121. Calculate the highest common factor of s and 38.
19
Suppose 633 = 110*q + 47*q - 466. What is the greatest common factor of q and 1673?
7
Let k(l) = 125*l + 151. Let f be k(-1). What is the greatest common divisor of f and 416?
26
Suppose -6*g - 4*g = -710. Let z = g + -50. Let o = 17 + z. What is the greatest common divisor of o and 76?
38
Suppose 4*m + 2*d - 806 = 0, -2*d - 222 = -2*m + 172. Let y = m - 187. What is the highest common divisor of y and 221?